87, 15313
What are the prime factors of 51657403?
7, 7379629
What are the prime factors of 2472726349?
571, 1069, 4051
What are the prime factors of 170935985?
5, 11, 3107927
List the prime factors of 519646555.
5, 251, 414061
What are the prime factors of 863864336?
2, 19, 149561
List the prime factors of 181201192.
2, 1277, 17737
List the prime factors of 5134659683.
5134659683
What are the prime factors of 367197952?
2, 11, 19, 6863
List the prime factors of 6626696004.
2, 3, 37, 47, 151, 701
List the prime factors of 267985607.
29, 31, 298093
What are the prime factors of 78419142?
2, 3, 41, 59, 1801
List the prime factors of 107906318.
2, 13, 4150243
List the prime factors of 213996341.
13, 16461257
What are the prime factors of 217445713?
8831, 24623
What are the prime factors of 162532576?
2, 5079143
List the prime factors of 1320335271.
3, 146703919
What are the prime factors of 72504280?
2, 5, 23, 78809
List the prime factors of 46282810.
2, 5, 7, 661183
List the prime factors of 284481962.
2, 142240981
What are the prime factors of 11775172?
2, 23, 149, 859
What are the prime factors of 290626154?
2, 7, 13, 157, 1453
What are the prime factors of 1458386904?
2, 3, 13, 1097, 4261
List the prime factors of 77026685.
5, 2377, 6481
What are the prime factors of 353360282?
2, 11, 229, 70139
List the prime factors of 3416629110.
2, 3, 5, 113887637
List the prime factors of 7077333801.
3, 17, 523, 265337
What are the prime factors of 3645434584?
2, 11, 31, 263, 5081
List the prime factors of 1398335576.
2, 11, 43, 369539
List the prime factors of 32793390.
2, 3, 5, 7, 17351
What are the prime factors of 3233619697?
7, 11, 251, 167311
List the prime factors of 118071498.
2, 3, 31, 634793
What are the prime factors of 996006887?
2999, 332113
List the prime factors of 194165763.
3, 11, 163, 36097
What are the prime factors of 166884608?
2, 11, 59263
What are the prime factors of 318903391?
17, 19, 139, 7103
List the prime factors of 1980986203.
7, 282998029
List the prime factors of 34769128.
2, 4346141
What are the prime factors of 23054762?
2, 31, 371851
What are the prime factors of 48160398?
2, 3, 11, 13, 56131
List the prime factors of 2573140173.
3, 37, 107, 216649
What are the prime factors of 382300070?
2, 5, 941, 40627
List the prime factors of 120727431.
3, 11, 1219469
List the prime factors of 125954466.
2, 3, 11, 173491
What are the prime factors of 61278368?
2, 1914949
List the prime factors of 1351862084.
2, 19, 17787659
What are the prime factors of 5596243529?
701, 7983229
List the prime factors of 23691392.
2, 185089
List the prime factors of 38085343.
38085343
What are the prime factors of 52195075?
5, 821, 2543
What are the prime factors of 45878587?
45878587
List the prime factors of 1182423345.
3, 5, 78828223
List the prime factors of 55282538.
2, 17, 113, 14389
List the prime factors of 2353242930.
2, 3, 5, 23, 53, 229, 281
What are the prime factors of 133401468?
2, 3, 11116789
List the prime factors of 286040250.
2, 3, 5, 19, 6691
List the prime factors of 20297153.
97, 209249
List the prime factors of 100682031.
3, 431, 77867
What are the prime factors of 614847273?
3, 31, 103, 64187
List the prime factors of 211834825.
5, 347, 24419
What are the prime factors of 77797181?
7, 11, 1010353
List the prime factors of 180960847.
59, 347, 8839
List the prime factors of 2831154469.
11, 13, 571, 34673
List the prime factors of 161590579.
2333, 69263
What are the prime factors of 585145136?
2, 109, 335519
What are the prime factors of 274824251?
13, 307, 5297
What are the prime factors of 221076024?
2, 3, 13, 17, 41681
List the prime factors of 2975908311.
3, 83, 149, 26737
What are the prime factors of 435530997?
3, 11, 31, 191, 743
List the prime factors of 696714857.
19, 503, 72901
List the prime factors of 1022771192.
2, 127846399
What are the prime factors of 101771033?
7, 13, 1118363
List the prime factors of 1662464721.
3, 554154907
What are the prime factors of 877882743?
3, 73, 151, 8849
List the prime factors of 38433436.
2, 71, 135329
List the prime factors of 1522599205.
5, 304519841
What are the prime factors of 104370993?
3, 359, 32303
List the prime factors of 51768342.
2, 3, 958673
What are the prime factors of 590215842?
2, 3, 10929923
List the prime factors of 5893694.
2, 281, 10487
List the prime factors of 48886703.
151, 263, 1231
What are the prime factors of 118684092?
2, 3, 9890341
What are the prime factors of 3852109708?
2, 10667, 90281
List the prime factors of 224856835.
5, 7, 917783
List the prime factors of 38713551.
3, 283, 45599
List the prime factors of 46800009.
3, 23, 226087
What are the prime factors of 1666262476?
2, 277, 1503847
List the prime factors of 111517752.
2, 3, 4646573
List the prime factors of 2719721668.
2, 491, 1384787
What are the prime factors of 4507947589?
4507947589
What are the prime factors of 59936764?
2, 17, 31, 28433
List the prime factors of 5651718884.
2, 7, 17, 23, 516233
List the prime factors of 489780804.
2, 3, 40815067
What are the prime factors of 1148223219?
3, 11, 13, 19, 140869
List the prime factors of 122727191.
709, 173099
List the prime factors of 721041500.
2, 5, 29, 49727
What are the prime factors of 1999291412?
2, 463, 1079531
List the prime factors of 141992467.
79, 1797373
List the prime factors of 189317887.
11, 29, 593473
What are the prime factors of 47573892?
2, 3, 146833
What are the prime factors of 147481885?
5, 17, 199, 8719
List the prime factors of 17163959.
601, 28559
What are the prime factors of 5720083776?
2, 3, 11, 73, 83, 149
List the prime factors of 2609296783.
179, 727, 20051
What are the prime factors of 176778978?
2, 3, 839, 35117
List the prime factors of 255007659.
3, 41, 2073233
What are the prime factors of 2192479266?
2, 3, 6311, 57901
What are the prime factors of 23879488?
2, 79, 4723
What are the prime factors of 5886760?
2, 5, 11, 17, 787
What are the prime factors of 3665357?
3665357
What are the prime factors of 37275911?
107, 283, 1231
List the prime factors of 390002453.
389, 1002577
What are the prime factors of 2120919448?
2, 179, 1217
What are the prime factors of 75823812?
2, 3, 2106217
What are the prime factors of 105791976?
2, 3, 439, 3347
List the prime factors of 260635080.
2, 3, 5, 23, 94433
What are the prime factors of 177857478?
2, 3, 31, 181, 587
What are the prime factors of 26273731?
11, 43, 55547
List the prime factors of 110011540.
2, 5, 1297, 4241
List the prime factors of 3369893650.
2, 5, 6079, 11087
List the prime factors of 205857733.
205857733
List the prime factors of 652194284.
2, 7, 277, 84089
List the prime factors of 6374100027.
3, 26993, 78713
List the prime factors of 313482578.
2, 137, 163, 7019
List the prime factors of 137467124.
2, 34366781
What are the prime factors of 67959620?
2, 5, 283, 12007
What are the prime factors of 3377446029?
3, 375271781
List the prime factors of 48115568.
2, 3007223
What are the prime factors of 2881355306?
2, 3881, 371213
List the prime factors of 430870200.
2, 3, 5, 773, 929
List the prime factors of 50222022.
2, 3, 43, 194659
List the prime factors of 3136697575.
5, 11, 3067, 3719
List the prime factors of 1733641015.
5, 346728203
List the prime factors of 1152505024.
2, 11, 709, 2309
What are the prime factors of 97781763?
3, 23, 389, 3643
List the prime factors of 6205516240.
2, 5, 7, 11, 149, 6761
What are the prime factors of 364403443?
461, 619, 1277
What are the prime factors of 26951185?
5, 5390237
What are the prime factors of 9950156?
2, 601, 4139
List the prime factors of 9821702.
2, 11, 446441
List the prime factors of 1480366709.
173, 8557033
List the prime factors of 69698797.
7, 197, 50543
List the prime factors of 4673100.
2, 3, 5, 37, 421
List the prime factors of 32280437.
7, 281, 16411
What are the prime factors of 145796539?
7, 17, 37, 33113
List the prime factors of 1178047171.
7, 1493, 16103
What are the prime factors of 37935933?
3, 7, 43, 977
What are the prime factors of 106099125?
3, 5, 11, 17, 89
List the prime factors of 194316378.
2, 3, 37, 875299
List the prime factors of 130492756.
2, 73, 446893
List the prime factors of 167209603.
11, 17, 41, 113, 193
List the prime factors of 773814669.
3, 233, 1107031
List the